5*p = -2*g + 388. What is the tens digit of g?
9
Suppose 8*y - 9*y = -61. What is the tens digit of y?
6
Suppose -711 = -3*r + 4*k, 0 = -2*r - 2*k + 3*k + 479. What is the hundreds digit of r?
2
Let i = 119 - 92. Let u = 11 + -22. Let h = i + u. What is the units digit of h?
6
What is the tens digit of 47 - (-2)/(-4)*8?
4
Let h(i) = -5*i - 37. What is the tens digit of h(-20)?
6
Let n = 11 + -8. Suppose 7*l = 4*l - 3*i, 24 = n*l - 3*i. Suppose 2*j - l = -4*m, j - 3*m - 28 = -11. What is the units digit of j?
8
Let s = 1180 + -790. What is the hundreds digit of s?
3
Suppose 30 = -d + 2*d - 4*l, 2*d - 4*l = 52. What is the units digit of d?
2
Let a(m) be the second derivative of m**3/6 - 4*m. What is the units digit of a(8)?
8
Let q(h) be the second derivative of -h**5/20 - h**4/4 + 4*h**3/3 + 3*h**2/2 - 5*h. Let i be ((-5)/(-4))/(3/(-12)). What is the tens digit of q(i)?
1
Let h(f) = 5*f - 8. Let y be h(4). Suppose -3*r + y = 0, 0 = -w - r - 0*r + 32. What is the units digit of w?
8
Let m(i) be the second derivative of -i**5/60 + i**4/2 + 3*i**3/2 + 2*i**2 + 4*i. Let j(q) be the first derivative of m(q). What is the units digit of j(12)?
9
Let t be -2*3/(-18)*21. Let n = 9 - 8. What is the units digit of 19*n - (-5 + t)?
7
Let j = -144 + 216. Suppose -2*a = -6*a + j. What is the units digit of a?
8
Let c be 4 - (-2)/4*4. Let a = 16 - c. What is the units digit of a?
0
Suppose 218 = 15*q - 13*q. What is the units digit of q?
9
Let v(f) = f**3 + f + 2. Let w = 7 - 7. What is the units digit of v(w)?
2
What is the tens digit of 193/5 - (-6)/15?
3
Let b(k) = 3*k**3 + 2*k**2 - k + 2. Let g be b(-2). Let h = 13 - 11. What is the units digit of 18/g - (-5)/h?
1
Let w(i) = -9 + i - i - i + 0*i. Let y be w(-9). Suppose y = -2*b - 3*b + 15. What is the units digit of b?
3
Let f = 14 + -29. What is the units digit of f/(-6)*(-18)/(-15)?
3
Let x be (-2)/(-10) + 66/(-30). What is the tens digit of (9 - x)/((-3)/(-6))?
2
Let u(s) = -3*s - 9. Let g(w) = -w - 11. Let o be g(-6). What is the units digit of u(o)?
6
Let j be 8 - 8 - (-4)/1. Suppose b - 3 = 0, 0*h + j*b - 3 = h. What is the units digit of h?
9
Let d = 6 + -9. What is the units digit of d + (-50)/((-6)/3)?
2
Let i be (-5)/25 + 14/(-5). Let f be 22*((-3)/2)/i. Let q = -5 + f. What is the units digit of q?
6
Suppose -5*g - 11 = -31. Suppose 2*w - 29 + 156 = 3*c, -g*c = w - 173. What is the tens digit of c?
4
What is the hundreds digit of 0 + -2 + (-4 - (-195 + 3))?
1
Suppose -4*p + 5*p + 2*j = -14, j = -5*p - 34. Let b = 10 + p. Suppose -b*c + 38 = -26. What is the units digit of c?
6
What is the tens digit of (-48)/(-9)*(0 - -12)?
6
Let j be 2/(-3)*(-5 + 2). Let i = j + -1. Let o = 5 - i. What is the units digit of o?
4
Let h = 22 - 18. Let n = 16 - 11. Let v = n + h. What is the units digit of v?
9
Let y(u) = u - 4. Let p be y(8). Suppose -s + 3*z = -7 + 3, 5 = -p*s + 5*z. What is the units digit of 60/18*(-6)/s?
4
What is the tens digit of (-4)/(((-4)/(-5))/(-4))?
2
Let m be 20 - (1 + 0 + -2). Suppose r + 40 = 3*k, 20 + m = 3*k - 2*r. What is the units digit of k?
3
Let b = -44 - -125. Suppose -4*p - 38 = -y, -3*p = -2*y - 0*y + b. What is the tens digit of y?
4
Let v = 27 - 38. Let l = -5 - v. What is the units digit of l?
6
Suppose -2*z = -3*z + 9. Let h = z - -15. What is the units digit of h?
4
Let q = 1070 - 762. What is the tens digit of q?
0
What is the tens digit of 2/(-7) - 1296/(-28)?
4
Let n(g) = g**2 + g + 7. Let t be n(0). Suppose 3*r + t = 25. What is the units digit of r?
6
Let q = -14 + 33. What is the tens digit of q?
1
Suppose -15*u = -17*u + 26. What is the units digit of u?
3
Suppose 3*c = -4*b + 6, -2*b + 2*c - 5 = -5*b. Suppose b = -u + 17. What is the tens digit of u?
1
Suppose 2*l = 4*l + 12. Let d(q) = -q**3 - 4*q**2 + 6*q + 8. What is the tens digit of d(l)?
4
Suppose 2*c - 517 = -5*i, -2*i - 3*c = i - 312. What is the hundreds digit of i?
1
Let k(s) = s**2 - 5*s + 3. Let l(o) = -2*o**2 + 6*o - 3. Let t(a) = -3*k(a) - 2*l(a). Let q be (12/(-10))/((-3)/(-15)). What is the units digit of t(q)?
5
Let q(n) = -4*n**2 - n - 1. Let t(o) = 5*o**2 + o + 1. Let r(s) = -4*q(s) - 3*t(s). What is the units digit of r(-4)?
3
Suppose -2*q = -0*q + 24. Let h = q + 30. Suppose 0 = 2*z - 2*m - h, 5*z + 0*m = -2*m + 80. What is the units digit of z?
4
Suppose 0*r = -2*r + 4. Suppose -r*i - 178 = 2*o, -395 - 34 = 5*i + o. What is the units digit of i/(-15) + (-2)/3?
5
What is the tens digit of (9/27)/((-1)/(-282))?
9
Let c = 48 + -34. What is the units digit of c?
4
Let z(a) = a**3 - 10*a**2 - 8*a - 4. Suppose 6 = w - 2*t - 15, -5*t = 25. What is the tens digit of z(w)?
2
Suppose -4*d + 223 = -17. What is the tens digit of d?
6
Suppose 3*d = a + 149, 0*d = -d + 3*a + 47. What is the tens digit of d?
5
Let k(t) be the first derivative of -t**4/12 + 3*t**3/2 + 9*t**2/2 - t + 3. Let c(v) be the first derivative of k(v). What is the units digit of c(9)?
9
Let z(g) be the first derivative of 17*g**3/6 + g**2/2 + 3*g + 1. Let f(t) be the first derivative of z(t). What is the units digit of f(1)?
8
Let j = 28 + 21. What is the units digit of j?
9
Suppose 0 = 5*u - 3*c - 155, 0 = -3*u + 5*c + 58 + 19. What is the units digit of u?
4
Suppose -j + 0*j - 5*g = 4, -4*j = g - 41. What is the units digit of j?
1
Let p(x) = 10*x + 7. What is the tens digit of p(3)?
3
Suppose 4*k - 1 = 5*r, k + 2 = -r + 3*r. Suppose -44 = -k*y + 5*z, -2*z - 4 - 7 = -y. What is the tens digit of y?
1
Let n = 0 + 5. Let b = 10 - n. What is the units digit of b?
5
Let p(h) = h**3 + 10*h**2 + 9*h + 3. Let n be p(-9). What is the units digit of (-21)/(-4)*8/n?
4
Let l(t) = t**2 - 9*t + 3. Let i be l(8). What is the units digit of 9/i*(-160)/48?
6
Suppose -2*z = z - 4*q - 13, -8 = -2*z + 2*q. Let s be z/((-5)/(200/(-6))). Let y = s - 13. What is the units digit of y?
7
Suppose -3*d = -4*w - 15, -w - 9 = 3*d + 3*w. What is the tens digit of (d/1)/((-3)/(-147))?
4
Suppose -2*t - 2*y + 95 = -3*y, -4*y + 137 = 3*t. What is the units digit of t?
7
Suppose 0 = -5*x + 12 - 2. Suppose 2*m + x*m - 44 = 0. What is the tens digit of m?
1
Let u(d) = -d**3 - 15*d**2 - 6*d + 29. What is the tens digit of u(-15)?
1
Suppose -25*l + 40 = -23*l. What is the tens digit of l?
2
Let u = -6 - -43. What is the tens digit of u?
3
Let f = 56 + -12. What is the units digit of f?
4
Let w = -33 + 47. Let b = w - -13. What is the units digit of b?
7
Suppose -4*v = -0*v. Let p = 8 - v. What is the units digit of 2/6 + p/12?
1
Let c = 1 + -6. Let f = 8 + c. What is the units digit of f?
3
What is the tens digit of (-177)/(-18) + 1/6?
1
Let x = -23 - -45. What is the tens digit of x?
2
Let a(n) = n + 2. Suppose -4*t + 2 = 18. Let x be a(t). What is the units digit of x/5*(-5)/1?
2
Let q be (-6)/4 - 27/(-6). Suppose -q*l + 3*d - 3 = 0, 0 = l - d - d + 3. What is the units digit of l?
1
Let h = -16 - -11. Let i(u) = -u - 5. Let j be i(h). Suppose 40 = 4*r - j*r. What is the tens digit of r?
1
Let t be 3/(-12) + (-34)/(-8). Suppose -k + 7 = -0*i + i, 2*i = -t*k + 14. What is the units digit of i?
7
Suppose 0 = -0*c + 3*c + 33. Let h be (-175)/55 + (-2)/c. What is the tens digit of (2 + h)*9*-2?
1
Let u = -62 + 102. Suppose z = 3*z - u. What is the units digit of z?
0
Let z(o) = -8*o + 4. Let m(f) = 7*f - 3. Let u(i) = -4*m(i) - 3*z(i). Let q be u(-1). What is the units digit of q/10 + (-13)/(-5)?
3
Suppose -5*c = -x - 11, -5 = x - c - 2*c. Suppose -3*f + x = f. What is the units digit of f?
1
Let g(m) be the first derivative of -m**3/3 + 5*m**2 + 11*m - 1. What is the tens digit of g(10)?
1
Let a = 35 + -4. What is the units digit of a?
1
Suppose 3 + 3 = 3*x. Suppose -k + 7 - x = 0. What is the units digit of k?
5
Let a = 32 + -9. What is the tens digit of a?
2
Suppose 3*a = 15, 2*a - 32 = 2*s - 2*a. Suppose -4*g + 8*g + 56 = 0. Let m = s - g. What is the units digit of m?
8
Suppose -156 = -p + 2*q + 2*q, 4*p + 3*q = 586. What is the tens digit of p?
4
Let s = 13 + -11. Suppose -6*f + 5*f + s = 0. What is the units digit of f?
2
Suppose -6*r = -3*r - 2*m - 388, 0 = -4*r + 2*m + 520. What is the tens digit of r?
3
Suppose h - 4*h = -3*v + 159, 3*v = -2*h + 144. What is the tens digit of v?
5
Let o = -1 + 3. Suppose o*s = -s + 45. What is the tens digit of s?
1